{"id":8,"date":"2017-03-09T17:48:41","date_gmt":"2017-03-09T16:48:41","guid":{"rendered":"http:\/\/www.ibrharz.de\/wordpress\/?page_id=8"},"modified":"2024-08-27T21:55:17","modified_gmt":"2024-08-27T19:55:17","slug":"ueber-mich","status":"publish","type":"page","link":"https:\/\/www.ibrharz.de\/?page_id=8","title":{"rendered":"\u00dcber uns"},"content":{"rendered":"\t\t<div data-elementor-type=\"wp-page\" data-elementor-id=\"8\" class=\"elementor elementor-8\">\n\t\t\t\t\t\t<section class=\"elementor-section elementor-top-section elementor-element elementor-element-566ae1a elementor-section-boxed elementor-section-height-default elementor-section-height-default\" data-id=\"566ae1a\" data-element_type=\"section\" data-e-type=\"section\">\n\t\t\t\t\t\t<div class=\"elementor-container elementor-column-gap-default\">\n\t\t\t\t\t<div class=\"elementor-column elementor-col-100 elementor-top-column elementor-element elementor-element-133b3ae\" data-id=\"133b3ae\" data-element_type=\"column\" data-e-type=\"column\">\n\t\t\t<div class=\"elementor-widget-wrap elementor-element-populated\">\n\t\t\t\t\t\t<div class=\"elementor-element elementor-element-c727d10 elementor-widget elementor-widget-heading\" data-id=\"c727d10\" data-element_type=\"widget\" data-e-type=\"widget\" data-widget_type=\"heading.default\">\n\t\t\t\t<div class=\"elementor-widget-container\">\n\t\t\t\t\t<h2 class=\"elementor-heading-title elementor-size-default\">Energieplanung und Geb\u00e4udetechnik aus dem Harz seit 1995<\/h2>\t\t\t\t<\/div>\n\t\t\t\t<\/div>\n\t\t\t\t\t<\/div>\n\t\t<\/div>\n\t\t\t\t\t<\/div>\n\t\t<\/section>\n\t\t\t\t<section class=\"elementor-section elementor-top-section elementor-element elementor-element-4ff07e6 elementor-section-boxed elementor-section-height-default elementor-section-height-default\" data-id=\"4ff07e6\" data-element_type=\"section\" data-e-type=\"section\">\n\t\t\t\t\t\t<div class=\"elementor-container elementor-column-gap-default\">\n\t\t\t\t\t<div class=\"elementor-column elementor-col-100 elementor-top-column elementor-element elementor-element-3d9c766\" data-id=\"3d9c766\" data-element_type=\"column\" data-e-type=\"column\">\n\t\t\t<div class=\"elementor-widget-wrap elementor-element-populated\">\n\t\t\t\t\t\t<div class=\"elementor-element elementor-element-bdfefb9 elementor-widget elementor-widget-heading\" data-id=\"bdfefb9\" data-element_type=\"widget\" data-e-type=\"widget\" data-widget_type=\"heading.default\">\n\t\t\t\t<div class=\"elementor-widget-container\">\n\t\t\t\t\t<h2 class=\"elementor-heading-title elementor-size-default\">Planungsb\u00fcro f\u00fcr Technische Geb\u00e4udeausr\u00fcstung und energetische Sanierung<\/h2>\t\t\t\t<\/div>\n\t\t\t\t<\/div>\n\t\t\t\t\t<\/div>\n\t\t<\/div>\n\t\t\t\t\t<\/div>\n\t\t<\/section>\n\t\t\t\t<section class=\"elementor-section elementor-top-section elementor-element elementor-element-907b979 elementor-section-boxed elementor-section-height-default elementor-section-height-default\" data-id=\"907b979\" data-element_type=\"section\" data-e-type=\"section\">\n\t\t\t\t\t\t<div class=\"elementor-container elementor-column-gap-default\">\n\t\t\t\t\t<div class=\"elementor-column elementor-col-100 elementor-top-column elementor-element elementor-element-4ca3933\" data-id=\"4ca3933\" data-element_type=\"column\" data-e-type=\"column\">\n\t\t\t<div class=\"elementor-widget-wrap elementor-element-populated\">\n\t\t\t\t\t\t<div class=\"elementor-element elementor-element-5666fd1 elementor-widget elementor-widget-text-editor\" data-id=\"5666fd1\" data-element_type=\"widget\" data-e-type=\"widget\" data-widget_type=\"text-editor.default\">\n\t\t\t\t<div class=\"elementor-widget-container\">\n\t\t\t\t\t\t\t\t\t<p><span style=\"color: #ffffff; font-family: helvetica;\">Wir sind ein herstellerunabh\u00e4ngiges Planungsb\u00fcro f\u00fcr technische Geb\u00e4udeausr\u00fcstung und energetische Sanierung.<\/span><\/p><p><span style=\"color: #ffffff; font-family: helvetica;\">Unsere Spezialit\u00e4t ist die integrale Planung und digitale Erfassung aller Bestandsinformationen eines Geb\u00e4udes. Dazu geh\u00f6ren die Erstellung von Bestandspl\u00e4nen auf Basis eines dreidimensionalen Geb\u00e4udemodells sowie die Dokumentation der Geb\u00e4udehistorie, der Bauteile und der technischen Geb\u00e4udeausr\u00fcstung.<\/span><\/p><p><span style=\"color: #ffffff; font-family: helvetica;\">Als flexibler Dienstleister in allen Planungsfragen der Geb\u00e4udetechnik und der energetischen Sanierung arbeiten wir gerne langfristig mit unseren Kunden zusammen.<\/span><\/p><p><span style=\"color: #ffffff; font-family: helvetica;\">Wenn es die Auftragslage zul\u00e4sst, \u00fcbernehmen wir aber auch Einzelauftr\u00e4ge zu den unterschiedlichsten Aufgabenstellungen.<\/span><\/p><p><span style=\"color: #ffffff; font-family: helvetica;\">Was uns dabei antreibt, ist die Freude an neuen Herausforderungen und die Neugier auf die Historie eines jeden Geb\u00e4udes im Kontrast zu den aktuellen technischen Anforderungen.<\/span><\/p>\t\t\t\t\t\t\t\t<\/div>\n\t\t\t\t<\/div>\n\t\t\t\t<div class=\"elementor-element elementor-element-c05d93b elementor-widget elementor-widget-image\" data-id=\"c05d93b\" data-element_type=\"widget\" data-e-type=\"widget\" data-widget_type=\"image.default\">\n\t\t\t\t<div class=\"elementor-widget-container\">\n\t\t\t\t\t\t\t\t\t\t\t\t\t\t\t<img decoding=\"async\" src=\"https:\/\/www.ibrharz.de\/wp-content\/uploads\/2019\/06\/Energieausweis-f\u00fcr-Geb\u00e4ude.png\" title=\"\" alt=\"\" loading=\"lazy\" \/>\t\t\t\t\t\t\t\t\t\t\t\t\t\t\t<\/div>\n\t\t\t\t<\/div>\n\t\t\t\t\t<\/div>\n\t\t<\/div>\n\t\t\t\t\t<\/div>\n\t\t<\/section>\n\t\t\t\t<section class=\"elementor-section elementor-top-section elementor-element elementor-element-87c06f4 elementor-section-boxed elementor-section-height-default elementor-section-height-default\" data-id=\"87c06f4\" data-element_type=\"section\" data-e-type=\"section\">\n\t\t\t\t\t\t<div class=\"elementor-container elementor-column-gap-default\">\n\t\t\t\t\t<div class=\"elementor-column elementor-col-100 elementor-top-column elementor-element elementor-element-ab5864c\" data-id=\"ab5864c\" data-element_type=\"column\" data-e-type=\"column\">\n\t\t\t<div class=\"elementor-widget-wrap elementor-element-populated\">\n\t\t\t\t\t\t<div class=\"elementor-element elementor-element-f2d7afb elementor-widget elementor-widget-heading\" data-id=\"f2d7afb\" data-element_type=\"widget\" data-e-type=\"widget\" data-widget_type=\"heading.default\">\n\t\t\t\t<div class=\"elementor-widget-container\">\n\t\t\t\t\t<h2 class=\"elementor-heading-title elementor-size-default\">Wir planen mit<\/h2>\t\t\t\t<\/div>\n\t\t\t\t<\/div>\n\t\t\t\t\t<\/div>\n\t\t<\/div>\n\t\t\t\t\t<\/div>\n\t\t<\/section>\n\t\t\t\t<section class=\"elementor-section elementor-top-section elementor-element elementor-element-87cd0bc elementor-section-boxed elementor-section-height-default elementor-section-height-default\" data-id=\"87cd0bc\" data-element_type=\"section\" data-e-type=\"section\">\n\t\t\t\t\t\t<div class=\"elementor-container elementor-column-gap-default\">\n\t\t\t\t\t<div class=\"elementor-column elementor-col-100 elementor-top-column elementor-element elementor-element-8732611\" data-id=\"8732611\" data-element_type=\"column\" data-e-type=\"column\">\n\t\t\t<div class=\"elementor-widget-wrap elementor-element-populated\">\n\t\t\t\t\t\t<div class=\"elementor-element elementor-element-96f5772 elementor-widget elementor-widget-text-editor\" data-id=\"96f5772\" data-element_type=\"widget\" data-e-type=\"widget\" data-widget_type=\"text-editor.default\">\n\t\t\t\t<div class=\"elementor-widget-container\">\n\t\t\t\t\t\t\t\t\t<h5><span style=\"color: #ffffff;\"><a style=\"color: #ffffff;\" href=\"https:\/\/www.solar-computer.de\">S<span style=\"font-family: helvetica;\">olar-Computer<\/span><\/a><span style=\"font-family: helvetica;\"> Geb\u00e4udetechnik<\/span><\/span><\/h5>\n<h5><span style=\"color: #ffffff; font-family: helvetica;\"><a style=\"color: #ffffff;\" href=\"https:\/\/www.autodesk.de\">AutoCAD-MEP\/Revit-MEP 2024<\/a>\u00a0Geb\u00e4udemodell<\/span><\/h5>\n<h5><span style=\"color: #ffffff; font-family: helvetica;\"><a style=\"color: #ffffff;\" href=\"https:\/\/gw-software.de\/\">CaliforniaX<\/a> AVA-Software<\/span><\/h5>\n<div id=\"gtx-trans\" style=\"position: absolute; left: 510px; top: 124.359px;\">\n<div class=\"gtx-trans-icon\"><\/div>\n<\/div>\t\t\t\t\t\t\t\t<\/div>\n\t\t\t\t<\/div>\n\t\t\t\t<div class=\"elementor-element elementor-element-9100f1c elementor-widget elementor-widget-image\" data-id=\"9100f1c\" data-element_type=\"widget\" data-e-type=\"widget\" data-widget_type=\"image.default\">\n\t\t\t\t<div class=\"elementor-widget-container\">\n\t\t\t\t\t\t\t\t\t\t\t\t\t\t\t<img decoding=\"async\" src=\"https:\/\/www.ibrharz.de\/wp-content\/uploads\/2019\/06\/Energieausweis-f\u00fcr-Geb\u00e4ude.png\" title=\"\" alt=\"\" loading=\"lazy\" \/>\t\t\t\t\t\t\t\t\t\t\t\t\t\t\t<\/div>\n\t\t\t\t<\/div>\n\t\t\t\t\t<\/div>\n\t\t<\/div>\n\t\t\t\t\t<\/div>\n\t\t<\/section>\n\t\t\t\t<section class=\"elementor-section elementor-top-section elementor-element elementor-element-dc6a3ef elementor-section-boxed elementor-section-height-default elementor-section-height-default\" data-id=\"dc6a3ef\" data-element_type=\"section\" data-e-type=\"section\">\n\t\t\t\t\t\t<div class=\"elementor-container elementor-column-gap-default\">\n\t\t\t\t\t<div class=\"elementor-column elementor-col-100 elementor-top-column elementor-element elementor-element-5499941\" data-id=\"5499941\" data-element_type=\"column\" data-e-type=\"column\">\n\t\t\t<div class=\"elementor-widget-wrap elementor-element-populated\">\n\t\t\t\t\t\t<div class=\"elementor-element elementor-element-dc4024a elementor-widget elementor-widget-heading\" data-id=\"dc4024a\" data-element_type=\"widget\" data-e-type=\"widget\" data-widget_type=\"heading.default\">\n\t\t\t\t<div class=\"elementor-widget-container\">\n\t\t\t\t\t<h2 class=\"elementor-heading-title elementor-size-default\">Informationslinks<\/h2>\t\t\t\t<\/div>\n\t\t\t\t<\/div>\n\t\t\t\t\t<\/div>\n\t\t<\/div>\n\t\t\t\t\t<\/div>\n\t\t<\/section>\n\t\t\t\t<section class=\"elementor-section elementor-top-section elementor-element elementor-element-b0e028e elementor-section-boxed elementor-section-height-default elementor-section-height-default\" data-id=\"b0e028e\" data-element_type=\"section\" data-e-type=\"section\">\n\t\t\t\t\t\t<div class=\"elementor-container elementor-column-gap-default\">\n\t\t\t\t\t<div class=\"elementor-column elementor-col-100 elementor-top-column elementor-element elementor-element-d5c4d70\" data-id=\"d5c4d70\" data-element_type=\"column\" data-e-type=\"column\">\n\t\t\t<div class=\"elementor-widget-wrap elementor-element-populated\">\n\t\t\t\t\t\t<div class=\"elementor-element elementor-element-e2c61b0 elementor-widget elementor-widget-text-editor\" data-id=\"e2c61b0\" data-element_type=\"widget\" data-e-type=\"widget\" data-widget_type=\"text-editor.default\">\n\t\t\t\t<div class=\"elementor-widget-container\">\n\t\t\t\t\t\t\t\t\t<h5><span style=\"color: #ffffff; font-family: helvetica;\"><a style=\"color: #ffffff;\" href=\"https:\/\/www.kfw.de\">KfW-F\u00f6rderbank<\/a><\/span><\/h5><h5><span style=\"color: #ffffff; font-family: helvetica;\"><a style=\"color: #ffffff;\" href=\"https:\/\/www.energie-effizienz-experten.de\">Energieeffizienz-Experten<\/a><\/span><\/h5><h5><span style=\"color: #ffffff; font-family: helvetica;\"><a style=\"color: #ffffff;\" href=\"https:\/\/www.bafa.de\">Bundesamt f\u00fcr Wirtschaft und Ausfuhrkontrolle<\/a><\/span><\/h5><h5><span style=\"color: #ffffff; font-family: helvetica;\"><a style=\"color: #ffffff;\" href=\"https:\/\/www.enev-online.com\" target=\"_blank\" rel=\"noopener\">Energieeinsparverordnung<\/a><\/span><\/h5><h5><span style=\"color: #ffffff; font-family: helvetica;\"><a style=\"color: #ffffff;\" href=\"https:\/\/www.3-N.info\" target=\"_blank\" rel=\"noopener\">3-N<\/a><\/span><\/h5><h5><span style=\"color: #ffffff; font-family: helvetica;\"><a style=\"color: #ffffff;\" href=\"https:\/\/bioenergie.fnr.de\/\" target=\"_blank\" rel=\"noopener\">Fachagentur Nachwachsende Rohstoffe e.V.<\/a><\/span><\/h5><h5><span style=\"color: #ffffff; font-family: helvetica;\"><a style=\"color: #ffffff;\" href=\"https:\/\/www.carmen-ev.de\" target=\"_blank\" rel=\"noopener\">C.A.R.M.E.N. e.V.<\/a><\/span><\/h5><h5><span style=\"color: #ffffff; font-family: helvetica;\"><a style=\"color: #ffffff;\" href=\"https:\/\/www.umweltbundesamt.de\/\" target=\"_blank\" rel=\"noopener\">Umweltbundesamt<\/a><\/span><\/h5><h5><span style=\"color: #ffffff; font-family: helvetica;\"><a style=\"color: #ffffff;\" href=\"https:\/\/www.co2online.de\">CO2-Rechner<\/a><\/span><\/h5>\t\t\t\t\t\t\t\t<\/div>\n\t\t\t\t<\/div>\n\t\t\t\t\t<\/div>\n\t\t<\/div>\n\t\t\t\t\t<\/div>\n\t\t<\/section>\n\t\t\t\t<section class=\"elementor-section elementor-top-section elementor-element elementor-element-15eef1d elementor-section-boxed elementor-section-height-default elementor-section-height-default\" data-id=\"15eef1d\" data-element_type=\"section\" data-e-type=\"section\">\n\t\t\t\t\t\t<div class=\"elementor-container elementor-column-gap-default\">\n\t\t\t\t\t<div class=\"elementor-column elementor-col-100 elementor-top-column elementor-element elementor-element-8dff2cf\" data-id=\"8dff2cf\" data-element_type=\"column\" data-e-type=\"column\">\n\t\t\t<div class=\"elementor-widget-wrap elementor-element-populated\">\n\t\t\t\t\t\t<div class=\"elementor-element elementor-element-7e1267c elementor-widget elementor-widget-image\" data-id=\"7e1267c\" data-element_type=\"widget\" data-e-type=\"widget\" data-widget_type=\"image.default\">\n\t\t\t\t<div class=\"elementor-widget-container\">\n\t\t\t\t\t\t\t\t\t\t\t\t\t\t\t<img decoding=\"async\" src=\"https:\/\/www.ibrharz.de\/wp-content\/uploads\/2019\/06\/EE_EnergieeffizienzExperten_Logo.jpg\" title=\"\" alt=\"\" loading=\"lazy\" \/>\t\t\t\t\t\t\t\t\t\t\t\t\t\t\t<\/div>\n\t\t\t\t<\/div>\n\t\t\t\t\t<\/div>\n\t\t<\/div>\n\t\t\t\t\t<\/div>\n\t\t<\/section>\n\t\t\t\t<section class=\"elementor-section elementor-top-section elementor-element elementor-element-2b2cf87 elementor-section-boxed elementor-section-height-default elementor-section-height-default\" data-id=\"2b2cf87\" data-element_type=\"section\" data-e-type=\"section\">\n\t\t\t\t\t\t<div class=\"elementor-container elementor-column-gap-default\">\n\t\t\t\t\t<div class=\"elementor-column elementor-col-100 elementor-top-column elementor-element elementor-element-5f2a2b9\" data-id=\"5f2a2b9\" data-element_type=\"column\" data-e-type=\"column\">\n\t\t\t<div class=\"elementor-widget-wrap\">\n\t\t\t\t\t\t\t<\/div>\n\t\t<\/div>\n\t\t\t\t\t<\/div>\n\t\t<\/section>\n\t\t\t\t<\/div>\n\t\t","protected":false},"excerpt":{"rendered":"<p>Energieplanung und Geb\u00e4udetechnik aus dem Harz seit 1995 Planungsb\u00fcro f\u00fcr Technische Geb\u00e4udeausr\u00fcstung und energetische Sanierung Wir sind ein herstellerunabh\u00e4ngiges Planungsb\u00fcro f\u00fcr technische Geb\u00e4udeausr\u00fcstung und energetische Sanierung. Unsere Spezialit\u00e4t ist die integrale Planung und digitale Erfassung aller Bestandsinformationen eines Geb\u00e4udes. Dazu geh\u00f6ren die Erstellung von Bestandspl\u00e4nen auf Basis eines dreidimensionalen Geb\u00e4udemodells sowie die Dokumentation der Geb\u00e4udehistorie, [&hellip;]<\/p>\n","protected":false},"author":52,"featured_media":0,"parent":0,"menu_order":0,"comment_status":"closed","ping_status":"closed","template":"","meta":{"ocean_post_layout":"full-screen","ocean_both_sidebars_style":"","ocean_both_sidebars_content_width":0,"ocean_both_sidebars_sidebars_width":0,"ocean_sidebar":"0","ocean_second_sidebar":"0","ocean_disable_margins":"enable","ocean_add_body_class":"","ocean_shortcode_before_top_bar":"","ocean_shortcode_after_top_bar":"","ocean_shortcode_before_header":"","ocean_shortcode_after_header":"","ocean_has_shortcode":"","ocean_shortcode_after_title":"","ocean_shortcode_before_footer_widgets":"","ocean_shortcode_after_footer_widgets":"","ocean_shortcode_before_footer_bottom":"","ocean_shortcode_after_footer_bottom":"","ocean_display_top_bar":"off","ocean_display_header":"default","ocean_header_style":"","ocean_center_header_left_menu":"0","ocean_custom_header_template":"0","ocean_custom_logo":0,"ocean_custom_retina_logo":0,"ocean_custom_logo_max_width":0,"ocean_custom_logo_tablet_max_width":0,"ocean_custom_logo_mobile_max_width":0,"ocean_custom_logo_max_height":0,"ocean_custom_logo_tablet_max_height":0,"ocean_custom_logo_mobile_max_height":0,"ocean_header_custom_menu":"2","ocean_menu_typo_font_family":"0","ocean_menu_typo_font_subset":"","ocean_menu_typo_font_size":0,"ocean_menu_typo_font_size_tablet":0,"ocean_menu_typo_font_size_mobile":0,"ocean_menu_typo_font_size_unit":"px","ocean_menu_typo_font_weight":"","ocean_menu_typo_font_weight_tablet":"","ocean_menu_typo_font_weight_mobile":"","ocean_menu_typo_transform":"","ocean_menu_typo_transform_tablet":"","ocean_menu_typo_transform_mobile":"","ocean_menu_typo_line_height":0,"ocean_menu_typo_line_height_tablet":0,"ocean_menu_typo_line_height_mobile":0,"ocean_menu_typo_line_height_unit":"","ocean_menu_typo_spacing":0,"ocean_menu_typo_spacing_tablet":0,"ocean_menu_typo_spacing_mobile":0,"ocean_menu_typo_spacing_unit":"","ocean_menu_link_color":"","ocean_menu_link_color_hover":"","ocean_menu_link_color_active":"","ocean_menu_link_background":"","ocean_menu_link_hover_background":"","ocean_menu_link_active_background":"","ocean_menu_social_links_bg":"","ocean_menu_social_hover_links_bg":"","ocean_menu_social_links_color":"","ocean_menu_social_hover_links_color":"","ocean_disable_title":"on","ocean_disable_heading":"default","ocean_post_title":"","ocean_post_subheading":"","ocean_post_title_style":"","ocean_post_title_background_color":"","ocean_post_title_background":0,"ocean_post_title_bg_image_position":"","ocean_post_title_bg_image_attachment":"","ocean_post_title_bg_image_repeat":"","ocean_post_title_bg_image_size":"","ocean_post_title_height":0,"ocean_post_title_bg_overlay":0.5,"ocean_post_title_bg_overlay_color":"","ocean_disable_breadcrumbs":"default","ocean_breadcrumbs_color":"","ocean_breadcrumbs_separator_color":"","ocean_breadcrumbs_links_color":"","ocean_breadcrumbs_links_hover_color":"","ocean_display_footer_widgets":"default","ocean_display_footer_bottom":"default","ocean_custom_footer_template":"0","footnotes":""},"class_list":["post-8","page","type-page","status-publish","hentry","entry"],"_links":{"self":[{"href":"https:\/\/www.ibrharz.de\/index.php?rest_route=\/wp\/v2\/pages\/8","targetHints":{"allow":["GET"]}}],"collection":[{"href":"https:\/\/www.ibrharz.de\/index.php?rest_route=\/wp\/v2\/pages"}],"about":[{"href":"https:\/\/www.ibrharz.de\/index.php?rest_route=\/wp\/v2\/types\/page"}],"author":[{"embeddable":true,"href":"https:\/\/www.ibrharz.de\/index.php?rest_route=\/wp\/v2\/users\/52"}],"replies":[{"embeddable":true,"href":"https:\/\/www.ibrharz.de\/index.php?rest_route=%2Fwp%2Fv2%2Fcomments&post=8"}],"version-history":[{"count":90,"href":"https:\/\/www.ibrharz.de\/index.php?rest_route=\/wp\/v2\/pages\/8\/revisions"}],"predecessor-version":[{"id":988,"href":"https:\/\/www.ibrharz.de\/index.php?rest_route=\/wp\/v2\/pages\/8\/revisions\/988"}],"wp:attachment":[{"href":"https:\/\/www.ibrharz.de\/index.php?rest_route=%2Fwp%2Fv2%2Fmedia&parent=8"}],"curies":[{"name":"wp","href":"https:\/\/api.w.org\/{rel}","templated":true}]}}